) = -9*k - 5. Let a = 3 + -10. Let j be u(a). Let r = -39 + j. Does 12 divide r?
False
Suppose l = -3*l - 60. Suppose -111 - 14 = -5*b. Let p = l + b. Does 10 divide p?
True
Let s be 6/9 + 33/(-9). Let t be (-2)/s*(-675)/(-18). Suppose t = k - 5*d, 2 - 18 = -k - 4*d. Is k a multiple of 10?
True
Let o(l) = l**2 + 5*l + 2. Let x be o(-7). Let m = -9 + x. Is m a multiple of 3?
False
Suppose -4*k - 672 = -4*f, 3*f + 0*f = -3*k + 516. Suppose -m + 17 = -3*p, p + 10 = 2*m - 4. Suppose -10 + f = m*j. Does 16 divide j?
True
Suppose -d = 4*d. Suppose -5*r = -d*r - 150. Is 10 a factor of r?
True
Let h(y) = 5*y**2 + 2*y + 4. Is h(-2) a multiple of 10?
True
Let f be ((-242)/33)/((-2)/6). Let u(x) = x**3 - x**2 + x - 11. Let c be u(0). Let n = f + c. Is n a multiple of 11?
True
Let n = -6 + 51. Is n a multiple of 20?
False
Let a = -51 + 68. Does 7 divide a?
False
Let w = 18 - 11. Let x = w + -5. Suppose 3*y = 7*b - x*b - 66, -5*b + 69 = -2*y. Is 9 a factor of b?
False
Let x(s) = 25*s + 3. Let q be x(4). Let b = 147 - q. Does 22 divide b?
True
Let y = 156 - 114. Is y a multiple of 10?
False
Suppose 0 = 5*c - c - r - 33, -3*c + r = -26. Let v be (c - -3)/(2 - 0). Suppose -4*l + 104 = v*f, f = -4*l + 2 + 6. Is 12 a factor of f?
True
Let u(b) = -3*b**3 - 10*b**2 + 6*b - 1. Let a(n) = n**3 + n**2. Let m(p) = -4*a(p) - u(p). Let w = 6 - 2. Is 6 a factor of m(w)?
False
Let m = 191 - 132. Is m a multiple of 10?
False
Let k(q) = -3*q + 5. Let p be k(5). Let y be 20 + ((-2)/1 - 0). Let n = y + p. Is 5 a factor of n?
False
Let k = -259 - -386. Suppose -5*t = -4*m + k, -25 = -4*m + 4*t + 99. Is m a multiple of 14?
True
Let c = 42 - 17. Let q = c - -14. Does 13 divide q?
True
Suppose -3*x = -3*f + 30, -6*f + 3*f + x + 20 = 0. Suppose 3*o + 2*g + 0*g - 18 = 0, 5*o = 5*g + f. Is 2 a factor of o?
True
Does 27 divide ((-276)/(-5))/((-20)/(-150))?
False
Let p(r) = -5*r - 10. Does 8 divide p(-5)?
False
Let h = 57 - 13. Let o = h + -23. Does 17 divide o?
False
Suppose 4*d = 2*d - 8, 4*d + 211 = h. Is (-5)/(-20) + h/4 a multiple of 15?
False
Suppose 3*q - 4 = -4*f, 2*q + 2*f + 0*f - 6 = 0. Suppose -2*v = q, 3*m + 1 = -4*v + 3. Does 12 divide m/24 + (-254)/(-8)?
False
Let c(j) = j**2 + 2*j - 3. Let z be c(2). Suppose -u - 4*r + z*r = -7, r + 3 = 0. Does 4 divide 3 + u/(-2) + 8?
False
Let v(a) = -4*a - 3. Suppose -2*y - 8 + 0 = 0. Does 13 divide v(y)?
True
Suppose 3*w - 94 - 2 = 0. Is 19 a factor of w?
False
Suppose 2*m + 3*o = -3 - 11, 3*o - 10 = 4*m. Is (m - 0/2) + 36 a multiple of 19?
False
Let f be ((-16)/6)/(10/75). Let w = 10 - f. Does 10 divide w?
True
Suppose -y + 3*j + 34 = 0, 0 = y - 5*y - 2*j + 178. Is y a multiple of 32?
False
Suppose 5 = k - 0. Suppose k*d = -2*g + 104, 3*d + 18 = 5*g + 99. Is d a multiple of 16?
False
Let u(a) = a + 4. Let r be u(-4). Suppose r = -0*m - 5*m + 240. Is m a multiple of 10?
False
Let l = 1 - -2. Let r be 68/(-12) - 1/l. Is 6 a factor of 32/6 - r/9?
True
Suppose 494 = 6*z - 388. Is z a multiple of 21?
True
Let r = 23 + -14. Is r a multiple of 2?
False
Let g(f) = f**2 - 3*f - 2. Let r be g(4). Let v(w) = 3 - 1 + r*w**2 - 5. Is 17 a factor of v(4)?
False
Suppose u = 2*u - 36. Is u a multiple of 18?
True
Let a(o) = -o**2 + 13*o - 7. Suppose -2*c = -3*y - 1 - 6, c = 5*y - 14. Does 11 divide a(c)?
False
Suppose 4*m + 0*m = 16. Let q = m + 1. Suppose -2*u - 49 = -2*v + 3*u, -q*v - 4*u = -73. Is v a multiple of 16?
False
Let p = -22 - -32. Suppose -p*t = -13*t + 246. Is 22 a factor of t?
False
Let a(c) = -c + 10. Let p be a(8). Suppose -18 = -p*l + l. Is 10 a factor of 50/3*l/15?
True
Let w(j) = -j**2 + 5*j - 3. Let q be w(8). Let c = q + 0. Let m = -15 - c. Is 4 a factor of m?
True
Suppose i - 12 = -i. Suppose -4*m + i = -6. Suppose -u + a + 3*a = 12, -m*u + 4*a + 4 = 0. Is 6 a factor of u?
False
Suppose -15 = 4*r - 251. Does 20 divide r?
False
Let g be (-4)/(-2) - (-1 + 1). Suppose -v + g*v = -3*s - 54, 0 = -5*s - v - 88. Is (s/(-2))/((-3)/(-6)) a multiple of 6?
False
Let u be (-38)/(-14) + 12/42. Suppose -4*x + 2*x + 16 = 4*n, -u*n + 1 = -4*x. Suppose 0 = -x*t, b + 4*t = 3*t + 24. Is b a multiple of 21?
False
Let f(r) = -r + 1. Is f(-9) a multiple of 2?
True
Suppose -240 = -4*o - 108. Is o a multiple of 14?
False
Let b(d) = d**3 + d**2 + 2. Let n be b(0). Suppose n*l - l = 5. Suppose -l*u - 335 + 120 = -5*c, 5*u = -c + 25. Does 12 divide c?
False
Let g(c) be the first derivative of -c**5/60 - c**4/3 - c**3/3 - c**2/2 + 2. Let b(t) be the second derivative of g(t). Is 13 a factor of b(-5)?
True
Let s = -12 + 16. Suppose -40 = 2*f - s*f. Is f a multiple of 6?
False
Suppose -4*c - 46 = -s, c - 2 + 1 = 0. Does 10 divide s?
True
Is 1/((-10)/(-1266)) - 24/40 a multiple of 18?
True
Let r(s) = 13*s - 16. Does 20 divide r(12)?
True
Suppose -3*t + t = -6. Suppose -q = t*l - 0*q + 85, -4*l = -3*q + 135. Is (68/(-10))/(6/l) a multiple of 14?
False
Let z be ((-3)/(-9))/((-2)/(-18)). Suppose 12 = z*t, 0 = d - 5*t + 3*t + 11. Is 2 a factor of d/(-3) - 1 - -4?
True
Let o = -31 + 3. Let z = 2 - o. Is 8 a factor of z?
False
Let a(m) = 5*m - 6. Suppose -3*c - 2*c + 21 = 3*j, -3*j + 2*c = 0. Suppose -j*g = 4*k - 2 - 14, g = 2*k - 8. Is a(k) a multiple of 14?
True
Let h(j) = j**2 + 8*j. Let w be h(-8). Suppose u - 5 + 18 = 0. Let n = w - u. Is 13 a factor of n?
True
Suppose 2*m + 2*w = 304, 5*w + 54 = m - 68. Is 20 a factor of m?
False
Let w(u) be the second derivative of u**4/12 - u**3/6 - u**2 + 6*u. Is w(-3) a multiple of 5?
True
Let b = -568 - -977. Does 22 divide b?
False
Suppose 4*u - 352 = 5*w, 2*w + 30 = u - 55. Suppose x = -5*r + 3*x + u, -5*r - 3*x = -98. Is 6 a factor of r?
False
Let o(d) = -12*d + 1. Let f(s) = -s**2 - 7*s - 2. Let r be f(-7). Let l be o(r). Suppose 25 = 4*b - 2*u - l, 5*b - 64 = 3*u. Is 3 a factor of b?
False
Does 39 divide 765/(-6)*(-56)/42?
False
Let j(o) = -o**3 - 3*o**2 + 3*o + 1. Let z be j(-4). Suppose 5*t - 4*c - 121 = 0, -5*t + t = -z*c - 95. Is 7 a factor of t?
False
Let u = 66 + -36. Is u a multiple of 6?
True
Let m(w) = -4*w - 3. Let v be m(-5). Suppose -1 - v = -3*h. Is 2 a factor of h?
True
Suppose -m - 5*d = -8, -5*m + 4*m + 16 = 3*d. Suppose -m = -c + 3*t, 0*t - 16 = -c - t. Is c a multiple of 19?
True
Suppose 0 = -4*d + d + 51. Is 17 a factor of d?
True
Let y be -1*(6 + -1 + 2). Let u(i) = -i**2 - 9*i - 5. Is 6 a factor of u(y)?
False
Let h(g) = g**3 - 14*g**2 - 2. Let s be h(14). Let y(k) = -2*k**3 + k**2 - 3*k - 2. Is 8 a factor of y(s)?
True
Let v = -5 + 4. Is 19 a factor of v/2 + (-115)/(-2)?
True
Let t be (-1 + -11 + 1)*-5. Suppose 190 = 5*u - t. Is u a multiple of 14?
False
Let w(m) = -m**3 - 10*m**2 + 9*m - 10. Let h be w(-11). Let q = h - -10. Does 11 divide q?
True
Suppose -3*o + 45 = -0*o. Does 22 divide 4/6 + 935/o?
False
Suppose -z + 2*h + 131 = 2*z, -2*h = 2*z - 94. Suppose -3*c + 78 = -4*l, 2*l + 3*l - z = -c. Is 8 a factor of c?
False
Let o be (-660)/18*(-6)/(-5). Let d = o + 64. Is 10 a factor of d?
True
Suppose t - 5*t = -12. Let g be 10/(-1) + t + -2. Is g/15 + 216/10 a multiple of 8?
False
Let j(u) = 47*u**2 + u + 2. Is 16 a factor of j(-1)?
True
Suppose 5*w - 95 = -5*k - 0*w, -3*w + 77 = 4*k. Does 7 divide k?
False
Let j(s) = -s**2 + 3*s + 4. Let k be j(4). Is 10*(2/5 + k) a multiple of 2?
True
Let t = 64 + -1. Is 8 a factor of t?
False
Let x be 6 - (2 + -2 - 1). Let j(i) = -i**2 + 8*i + 5. Is j(x) a multiple of 6?
True
Is 3 a factor of (2/((-6)/(-183)))/1?
False
Let p = -27 + 54. Does 6 divide p?
False
Suppose 4*i + 52 = 3*b + 12, -b + 5*i + 17 = 0. Is 12 a factor of b?
True
Suppose 35 = z - 4. Suppose -3*i - 16 = -5*a, -2 + 0 = -4*a - 3*i. Suppose a*u = -u + z. Is u a multiple of 13?
True
Let f = -10 - 1. Let d = f - -45. Is d a multiple of 18?
False
Let y(s) = 11*s + 6. Let m be y(6). Let b = -6 + 8. Suppose -b*f - f + m = 0. Is 13 a factor of f?
False
Suppose 9*h - 4*h - 285 = 0. Does 19 divide h?
True
Let q(v) = 2*v**3 - 6*v**2 - 6*v + 5. Is q(5) a multiple of 25?
True
Suppose 8 = -2*p + 2. Let j(n) = 5*n**2 + n - 3. Is j(p) a multiple of 13?
True
Suppose 3*g = -g + 260. Does 8 divide g?
False
Suppose -3*o = 4*v - 255, 3*v + o - 187 = 3*o. Does 18 divide v?
False
Let m(x) = -x**3 - 11*x**2 + 26*x + 10. Does 5 divide m(-13)?
True
Let q = -1 + 5. Let p(r) = -r**2 + 8*r - 8. Let i be p(6).